34
Let c(j) = -214*j**3 + 2*j**2 + 20*j + 18. What is c(-1)?
214
Let u(s) = -20*s**3 - 5*s**2 + 8*s - 3. What is u(2)?
-167
Let l(t) = t**3 + 113*t**2 - 203*t + 3117. What is l(-115)?
12
Let y(j) = 3*j**3 - 112*j**2 - 72*j + 53. Calculate y(38).
205
Let c(p) = 30*p + 2177. What is c(-71)?
47
Let u(l) = -2*l**3 - 17*l**2 - 136*l - 1038. Calculate u(-8).
-14
Let u(s) = -s**3 - 87*s**2 - 84*s + 171. Calculate u(-86).
-1
Let d(h) = -7*h**2 + 395*h - 1933. Give d(51).
5
Let r(k) = -11*k - 185. Calculate r(-14).
-31
Let t(c) = c**2 + 570*c + 24579. Give t(-47).
-2
Let p(a) = -2*a**3 - 49*a**2 - 146*a + 27. Calculate p(-21).
6
Let s(v) = -v**3 - 235*v**2 + 704*v + 30. Give s(3).
0
Let u(q) = 272*q - 22574. What is u(83)?
2
Let p(v) = v**3 - 18*v**2 + 60*v - 16. Calculate p(15).
209
Let d(j) = -5*j**2 + 336*j + 25. Calculate d(66).
421
Let h(p) = p**2 - 34*p - 357. Calculate h(44).
83
Let u(b) = b**2 - 17*b - 14. Give u(7).
-84
Let c(b) = -12*b + 96. Determine c(8).
0
Let z(c) = c**2 + 97*c + 1356. Calculate z(-80).
-4
Let h(n) = 1298*n + 5167. Give h(-4).
-25
Let k(g) = -10*g + 305. Calculate k(32).
-15
Let v(f) = -909*f - 566. Calculate v(0).
-566
Let w(i) = i**3 - 5*i**2 - 107*i + 535. Give w(5).
0
Let z(o) = -6*o**2 + 140*o - 15. Calculate z(22).
161
Let a(p) = -4*p**3 + p**2 + 7*p - 11. Determine a(-4).
233
Let a(o) = 2*o**3 - 111*o**2 - 56*o - 12. What is a(56)?
-12
Let a(b) = 37*b**2 + 7*b - 11. What is a(3)?
343
Let d(h) = -h**3 + 6*h**2 - 95*h + 171. Calculate d(2).
-3
Let n(t) = -79*t + 32. Calculate n(1).
-47
Let g(f) = 66*f + 2753. Determine g(-42).
-19
Let y(p) = -712*p + 5354. What is y(7)?
370
Let z(v) = -191*v - 148. Calculate z(0).
-148
Let x(q) = 4*q**2 - 10*q - 25. Give x(4).
-1
Let d(y) = -y + 231. What is d(-42)?
273
Let u(d) = -d**2 + 14*d + 260. Determine u(22).
84
Let f(w) = 3*w**3 - 17*w**2 - 11*w + 47. Determine f(6).
17
Let c(g) = 2*g**3 + 36*g**2 - 33*g - 52. Calculate c(-19).
-147
Let t(k) = -3*k**3 - 19*k**2 + 13*k + 37. Determine t(-7).
44
Let f(h) = -h**3 - 6*h**2 - 16*h - 3. What is f(-5)?
52
Let i(l) = -6*l**2 + 17. Determine i(-4).
-79
Let o(u) = -50*u + 37. Give o(6).
-263
Let l(h) = h**3 - 78*h**2 + 116*h - 22085. Calculate l(80).
-5
Let n(z) = z**2 + 557*z + 5126. Calculate n(-9).
194
Let j(q) = q**3 - 15*q**2 + 8*q - 162. Calculate j(15).
-42
Let d(s) = 39*s - 640. Determine d(16).
-16
Let w(l) = -30*l - 1556. What is w(-53)?
34
Let l(y) = 108*y**2 - 39*y + 34. What is l(1)?
103
Let a(v) = -6*v**2 - 15*v + 26. What is a(-5)?
-49
Let s(h) = -35*h**2 + 593*h - 8. What is s(17)?
-42
Let h(l) = l**3 + 33*l**2 - 10*l - 152. Determine h(-33).
178
Let f(t) = 2*t**3 - 37*t**2 - 67*t + 33. Calculate f(20).
-107
Let p(f) = f**2 + 42*f - 255. What is p(-46)?
-71
Let v(t) = 106*t - 9864. What is v(93)?
-6
Let n(k) = -k**3 + 18*k**2 - 4*k - 52. Determine n(18).
-124
Let k(z) = z**3 + 10*z**2 - 16*z - 87. What is k(-12)?
-183
Let w(k) = -k**2 - 112*k - 322. Calculate w(-109).
5
Let t(n) = 28*n - 31. What is t(6)?
137
Let k(n) = -46*n**2 - 458*n - 12. What is k(-10)?
-32
Let s(d) = -d**3 - 55*d**2 - 158*d - 109. What is s(-52)?
-5
Let b(z) = -762*z - 3609. What is b(-5)?
201
Let h(a) = -2*a**3 - 24*a**2 + 187*a + 2264. What is h(-12)?
20
Let y(x) = x**2 - 11*x - 197. Determine y(20).
-17
Let u(x) = -4*x**2 + 148*x + 151. Determine u(-1).
-1
Let m(r) = -r**3 - 14*r**2 - 30*r - 486. Calculate m(-13).
-265
Let m(k) = 2*k**2 - 116*k - 642. What is m(63)?
-12
Let d(y) = 24*y + 490. What is d(-21)?
-14
Let r(o) = -80*o + 85. Determine r(1).
5
Let x(w) = -w**3 - 17*w**2 + w + 122. Calculate x(-17).
105
Let q(d) = 12*d**2 + 31*d. Give q(3).
201
Let f(o) = -46*o**2 - 11*o + 12. What is f(1)?
-45
Let f(p) = -2*p**3 - 7*p**2 + 5*p + 13. Give f(-8).
549
Let i(m) = m**3 + 15*m**2 - 84*m - 839. Determine i(-17).
11
Let o(z) = -2*z**3 - 26*z**2 + 136*z + 6. Give o(-17).
6
Let k(n) = n**3 - 47*n**2 + 424*n + 530. Calculate k(14).
-2
Let l(o) = -26538*o - 159226. Determine l(-6).
2
Let j(y) = y**2 - 21*y + 86. Give j(14).
-12
Let k(p) = -39*p + 1317. Calculate k(32).
69
Let g(w) = w**2 + 46*w - 89. Determine g(-48).
7
Let k(p) = -33*p + 650. Give k(28).
-274
Let s(l) = l**3 - 25*l**2 - 190*l + 112. Give s(31).
-12
Let p(i) = -923*i + 5533. Give p(6).
-5
Let d(a) = 5*a**2 + 10*a - 31. Determine d(4).
89
Let t(n) = n**2 + 21*n - 543. Give t(-36).
-3
Let u(s) = -93*s - 260. Determine u(-4).
112
Let y(f) = f**3 - 16*f**2 - 509*f - 87. Calculate y(32).
9
Let j(n) = -141*n + 1964. Give j(13).
131
Let z(l) = 6*l**3 + 17*l**2 - 33*l - 91. Determine z(-4).
-71
Let c(s) = -27*s**2 - 185*s - 138. Calculate c(-6).
0
Let d(u) = -u**2 - 935*u + 11371. What is d(12)?
7
Let i(u) = 104*u + 458. What is i(-4)?
42
Let h(f) = f**2 - 35*f + 320. What is h(17)?
14
Let o(f) = -94*f + 4412. Give o(47).
-6
Let n(b) = -b**3 - b**2 + 28*b - 18. What is n(-5)?
-58
Let w(c) = c**3 + 18*c**2 - 32*c - 22. Give w(-19).
225
Let w(t) = 4*t**3 + 73*t**2 + 52*t - 567. Give w(-17).
-6
Let u(n) = -8*n**2 + 2857*n + 2861. Give u(-1).
-4
Let b(s) = -1517*s + 147144. Give b(97).
-5
Let j(t) = 4*t**2 - 10*t - 38. Give j(5).
12
Let a(z) = 224*z + 2411. Calculate a(-11).
-53
Let r(c) = 406*c + 1591. Determine r(-4).
-33
Let h(x) = 274*x + 536. What is h(-2)?
-12
Let i(o) = 45*o + 262. What is i(-6)?
-8
Let k(u) = 131*u + 1167. Calculate k(-9).
-12
Let t(n) = 87*n + 263. Give t(-3).
2
Let p(o) = -24*o + 422. Calculate p(17).
14
Let i(t) = -t**2 + 31*t - 133. Determine i(24).
35
Let a(s) = -3*s**2 - 7*s - 18. Determine a(7).
-214
Let k(t) = -3*t**2 + 80*t + 751. Give k(34).
3
Let q(a) = -179*a + 7029. Calculate q(39).
48
Let s(y) = 82*y**2 - y - 2. Calculate s(-1).
81
Let a(f) = 3*f**2 - 28*f + 15. What is a(9)?
6
Let n(t) = 3*t**2 + 37*t - 324. What is n(-20)?
136
Let h(g) = 22*g - 44. Give h(6).
88
Let p(v) = -v**3 - 17*v**2 + 32*v + 253. Calculate p(-18).
1
Let s(x) = -4*x**3 + 65*x**2 - 167*x + 13. Calculate s(13).
39
Let l(g) = -g**3 + 4*g**2 + 198*g + 44. Give l(-12).
-28
Let y(t) = 783*t - 2324. Give y(3).
25
Let b(x) = 3*x**2 - 104*x + 318. Calculate b(31).
-23
Let s(b) = -25*b - 481. Calculate s(-47).
694
Let f(p) = -13*p - 18. Determine f(-8).
86
Let w(l) = l**2 - 30*l + 255. Give w(15).
30
Let a(o) = -o**3 + 22*o**2 + 17*o - 372. Give a(22).
2
Let p(w) = -632*w**2 + 10106*w + 98. What is p(16)?
2
Let a(r) = -11*r + 60. Determine a(5).
5
Let v(f) = -37*f + 1398. Determine v(36).
66
Let d(u) = 64*u - 2989. Determine d(46).
-45
Let x(g) = 2*g**2 - 66*g - 278. Give x(31).
-402
Let a(i) = 2*i**2 - 37*i - 144. Give a(24).
120
Let j(r) = 54*r**2 - r + 7. Determine j(-2).
225
Let o(i) = i**2 - 104*i + 2669. Calculate o(42).
65
Let h(o) = 257*o + 1208. Determine h(-5).
-77
Let h(q) = 3*q - 106. Calculate h(-23).
-175
Let l(r) = -r**2 + 1388*r - 6925. Determine l(5).
-10
Let x(l) = l**3 - 45*l**2 + 2*l - 244. Give x(45).
-154
Let s(n) = 215*n + 4510. Determine s(-21).
-5
Let z(t) = -t**2 + 1483*t - 16206. Give z(11).
-14
Let l(d) = 678*d + 1374. Calculate l(-2).
18
Let b(t) = 2*t**3 - 27*t - 93. Calculate b(-3).
-66
Let d(i) = i**3 + 6*i**2 - 62*i - 311. Determine d(-9).
4
Let s(l) = -l**2 + 240*l + 950. Calculate s(-4).
-26
Let a(p) = 11*p**2 - 954*p - 178. What is a(87)?
83
Let y(x) = -307*x + 2464. Determine y(8).
8
Let d(n) = 137*n + 1664. Calculate d(-12).
20
Let a(t) = -117*t**3 + 10*t**2 - 7*t - 2. Determine a(1).
-116
Let n(f) = f**2 + 157*f - 7636. What is n(39)?
8
Let f(y) = -y**2 - 1386*y - 8288. What is f(-6)?
-8
Let s(x) = 19*x + 306. What is s(-23)?
-131
Let d(y) = -y**3 + 86*y**2 - 85*y - 5. What is d(85)?
-5
Let x(g) = 21*g**2 - 76*g + 4. Determine x(5).
149
Let m(c) = -1533*c - 1541. Determine m(-1).
-8
Let w(g) = g**2 - 8*g + 5. Give w(8).
5
Let l(f) = 60*f**2 - 65*f + 1. Determine l(1).
-4
Let f(i) = -915*i - 12824. What is f(-14)?
-14
Let k(j) = j**2 + 31*j - 134. What is k(4)?
6
Let i(y) = y**3 - 55*y - 19. Determine i(0).
-19
Let o(s) = 9*s**2 + 1055*s + 16795. Calculate o(-19).
-1
Let w(q) = -93*q + 956. Determine w(9).
119
Let w(l) = 15*l**2 - 22*l + 10. What is w(2)?
26
Let h(z) = -5*z**2 + 149*z - 44. Determine h(30).
-74
Let q(l) = 153*l**3 - 11*l**2 - 39*l - 29. Calculate q(-1).
-154
Let l(h) = -347*h + 5470. Give l(16).
-82
Let n(r) = -89*r - 6769. What i